when 18 is divided by o?
3
Suppose a + 14 - 31 = 0. Calculate the remainder when a is divided by 11.
6
Suppose 3*m = -89 + 296. Calculate the remainder when m is divided by 35.
34
Let z(c) = -c**2 - 7*c + 2. Suppose -9 = 2*o + 1. Let i be z(o). Suppose -2*g - g + i = 0. Calculate the remainder when 10 is divided by g.
2
Suppose n + 3*n + 12 = 0. Calculate the remainder when 17/(3 + -2) - 1 is divided by (0 + n)*(-8 - -5).
7
Let y(v) = v**3 - v + 1. Let k(q) = 4*q**3 - 5*q**2 - 3*q + 1. Let w(b) = -k(b) + 3*y(b). Calculate the remainder when 4 is divided by w(5).
0
Suppose 2*c - 6 = -3*h + 73, c = 2*h + 36. What is the remainder when c is divided by 8?
6
Let i = 43 + -27. Suppose 5*k = i + 24. Calculate the remainder when 23 is divided by k.
7
Calculate the remainder when (1 + -136)*(66/30 - 4) is divided by 49.
47
Suppose -38 = -2*r + 6. Calculate the remainder when r is divided by 9.
4
Suppose 3*w + 5*k - 9 = 31, 4*w = 4*k + 32. Suppose o - w = 9. What is the remainder when o is divided by (22 - 14) + 1 + 1?
9
Let x = 32 + -23. Let n be (-1)/(-5) - (-9)/(-45). Calculate the remainder when x is divided by (n + -1 - -8) + -2.
4
Suppose 348 = 4*f + 4*y, 0 = -f - 3*f + y + 348. Calculate the remainder when f is divided by 30.
27
Let w(h) = h**3 + 9*h**2 + h + 7. Let i be w(-9). Let f(o) = 10*o**2 + 3*o + 1. What is the remainder when f(i) is divided by 18?
17
Calculate the remainder when 35 is divided by 1 + (5 + 15 - 3).
17
Let g be 8/(-1) + (2 - 1). Let d(m) = -m**2 - 8*m + 1. What is the remainder when d(g) is divided by 3?
2
Suppose 0 = 3*f - 4*f + 12. Let y be -1 + 14 - 10/5. Suppose 3*i - 10 = y. What is the remainder when f is divided by i?
5
Suppose 114 = 5*d - 2*d. Suppose 3*v - 30 = 3*t, -2*v + 4*t = -d + 16. What is the remainder when 34 is divided by v?
7
Suppose -3*n + 5*w - 12 = 0, -4*n = -n - w. Let g be 1*(2 + 1 - n). Suppose -1 = -d - c + 3, 0 = -d - g*c + 1. Calculate the remainder when 20 is divided by d.
6
Let d(c) = 5*c**3 + 4*c**2 + 3*c - 1. Let s(g) = -9*g**3 - 7*g**2 - 5*g + 2. Let m(u) = -5*d(u) - 3*s(u). Calculate the remainder when 56 is divided by m(2).
18
Let i(f) = -10*f - 14. What is the remainder when i(-8) is divided by 14?
10
Let l(a) = -40*a**3 + a**2. Calculate the remainder when l(-1) is divided by 14.
13
Suppose 4*b - 46 = 10. What is the remainder when 18 is divided by 66/b - (-4)/14?
3
Let l be 2/(-7) + 932/28. Let q = l - -19. What is the remainder when q is divided by 18?
16
Let v(k) = -k**3 + 9*k**2 - 6*k - 5. Let f be ((-4)/10)/(2/(-10)). Let b = 8 - f. Calculate the remainder when v(8) is divided by b.
5
Let b(u) = u**3 + 10*u**2 + 9*u + 2. Let i be b(-9). Suppose -i*t - 3*x + 4 = 2*x, 0 = -x - 2. What is the remainder when 13 is divided by t?
6
Let x be (0/(-1) - -16) + 1. Let y = 49 - 44. Suppose -y*p + 13 = -x. Calculate the remainder when 21 is divided by p.
3
Let b = -33 + 39. Calculate the remainder when 21 is divided by b.
3
Let j = -11 + 22. What is the remainder when j is divided by 7?
4
Let j(s) = -5*s + 2*s - 3*s - 6*s. Calculate the remainder when j(-1) is divided by 7.
5
Suppose -4*h + h + 40 = 2*t, 4*h - 44 = 2*t. What is the remainder when h is divided by 4?
0
Suppose 4*d = 1124 - 180. Suppose -4*a - d = -5*f, -4*f - 3*a = -0*a - 195. Suppose 4*h = 8*h - f. Calculate the remainder when 23 is divided by h.
11
Suppose -2*b - 200 = -7*b. Suppose 4*q = 4*m + b + 40, 3*q - 55 = 2*m. What is the remainder when -43*1*-1*1 is divided by q?
13
Suppose 32 = 5*w - 13. What is the remainder when 15 is divided by w?
6
Let v = -1 + 23. Calculate the remainder when v is divided by 9.
4
Let w(o) = -2*o - 1. Let f(d) = -d**3 - 8*d**2 - 7*d - 12. Calculate the remainder when f(-8) is divided by w(-8).
14
Let v = -8 + 8. Suppose v*x = -2*x + 66. What is the remainder when x is divided by 17?
16
Let t(k) = 2*k**2 + k + 2. Suppose -3*m - 2*m = -65. Suppose -4*o + 35 + m = 0. Calculate the remainder when t(3) is divided by o.
11
What is the remainder when 43 is divided by 18/10*(-35)/(-7)?
7
Let l = -21 - -74. What is the remainder when l is divided by 256/14 - (-4)/(-14)?
17
Let q(r) = -2*r**2 - r - 1. Suppose -3*m - 12 + 1 = -4*l, -5*l - 2*m = -8. Let v be q(l). Calculate the remainder when v/(-1)*(0 + 1) is divided by 6.
5
Suppose -k + 4 = 0, -5*b + 223 + 274 = -2*k. What is the remainder when b is divided by 26?
23
Suppose 0 = -4*w + 5*p + 165, 2*p = w - 2*w + 38. Calculate the remainder when w is divided by 14.
12
Suppose -v = -3 - 3. Suppose 2*h - 4*h - 78 = 0. Let g = h + 56. What is the remainder when g is divided by v?
5
Let h = -4 - -2. Calculate the remainder when 69 is divided by (15 + 3)/(h/(-2)).
15
Calculate the remainder when (1 - -2) + -3 + 55 + -2 is divided by 9.
8
Let y = 1 + 1. Suppose y*m + 13 = 57. What is the remainder when 86 is divided by m?
20
Suppose -1 = 2*p + 2*s + 1, 3 = -3*s. Suppose -t + o = -17, 3*o + p = 4*t - 66. What is the remainder when 28 is divided by t?
13
Calculate the remainder when 6/(-2) - -42*1 is divided by 14.
11
Calculate the remainder when 65 is divided by (189/6 + 3)*4/6.
19
Let o(u) = 3*u**2 - 3*u - 3. Let w = 3 + 0. Let p be o(w). Let r = -5 + p. What is the remainder when 28 is divided by r?
8
Suppose -5*o + 725 = 4*b, o - 5*b - 169 = -b. What is the remainder when o is divided by 50?
49
Calculate the remainder when (-324)/(-10) + 12/20 is divided by 12.
9
Let g(v) = v + 8. Let j be g(14). Let r = -16 + j. Calculate the remainder when 8 is divided by r.
2
Let t(k) = k**3 - 5*k**2 + 4*k + 4. Let w be t(4). Suppose 4*v + w*p = 40, v - 6 = p + 2*p. Calculate the remainder when 1 + (2*12 - 1) is divided by v.
6
Let k(g) = g**3 - 3*g**2 - 5*g + 2. Let d be k(4). Suppose 4*x - 40 = 60. What is the remainder when x is divided by -2 + d/(2/(-11))?
7
What is the remainder when 59 is divided by (-539)/(-35) + 2/(-5)?
14
Let d = 136 - 118. Calculate the remainder when 21 is divided by d.
3
Suppose 2*b - 4*r - 25 = -3*b, 0 = -b + 4*r - 11. Suppose -b = -2*f - 1. Let a = f + 9. Calculate the remainder when a is divided by 5.
3
Suppose 0 = 3*d - o - 30, 17 = 2*d - 3*o - 10. What is the remainder when 24 is divided by d?
6
Let i(o) = -4*o + 15. What is the remainder when i(3) is divided by 1?
0
Let t be (2 + 3)*(-2)/(-5). What is the remainder when 31 is divided by (6 + t)*(0 + 1)?
7
Suppose 0 = -3*f + 105 - 15. What is the remainder when 118 is divided by f?
28
Calculate the remainder when 57 is divided by ((-2)/(-3))/(931/(-315) - -3).
12
Let k = -15 - -8. Let g = 2 + k. Let d = g + 8. What is the remainder when 5 is divided by d?
2
Suppose 4*p = -b + 177, p - 2*p - 2*b = -39. Let s = -28 + p. Calculate the remainder when s is divided by 10.
7
Let c = -53 + 116. What is the remainder when c is divided by 13?
11
Suppose -c + 12 = -20. Calculate the remainder when c is divided by 7.
4
Suppose 4*o + 11 - 103 = 0. What is the remainder when 45 is divided by o?
22
Let t = 47 + -16. Let a(x) = 3*x - 10. What is the remainder when t is divided by a(7)?
9
Let c(l) = -15*l. Let y be c(-1). Let z = y - 10. Suppose 0 = -4*g - 16, -z*v + 160 = -v - 4*g. Calculate the remainder when v is divided by 13.
10
Suppose -12 = 3*c - 3*n, -3 = -4*c + 5*n - 15. Let p = c - -11. Suppose 3*s - p*y = 60, 3*s + 0*y + 2*y = 40. Calculate the remainder when s is divided by 6.
4
Let o(h) = -h**2 + 8*h + 10. Let s = 2 + -1. Calculate the remainder when o(9) is divided by s.
0
Let z = 5 - 12. Let p(r) = r**2 + 4*r - 9. Let w be p(z). Suppose -l = l - w. Calculate the remainder when 11 is divided by l.
5
Suppose -2*a + 5 = -1. Let m be -9*a*6/27. Calculate the remainder when 20 is divided by 14/(-2)*(5 + m).
6
Let m(a) = a**3 - 12*a**2 + 21*a + 21. Calculate the remainder when 90 is divided by m(10).
28
Let q = -6 + 11. Suppose 5*b - 64 - 14 = 2*v, 3*b + 4*v = 26. Calculate the remainder when b is divided by q.
4
Suppose 2*y + 4*o = 4*y - 20, 5*y - 95 = o. What is the remainder when 57 is divided by y?
17
Let o(p) = -p. Let b be o(7). Suppose -6 = -2*h + 26. Calculate the remainder when h is divided by (-2)/b + (-160)/(-28).
4
Calculate the remainder when 0 + 0 - (-19)/1 is divided by (0 + 15)*(-6)/(-9).
9
Suppose 5*y - 23 = 42. Suppose -y = -5*r - 3. Calculate the remainder when 5 is divided by